{"id":938,"date":"2021-03-24T10:28:01","date_gmt":"2021-03-24T09:28:01","guid":{"rendered":"https:\/\/u100-ittigen.ch\/?page_id=938"},"modified":"2026-03-28T10:41:18","modified_gmt":"2026-03-28T09:41:18","slug":"aktuell","status":"publish","type":"page","link":"https:\/\/u100-ittigen.ch\/index.php\/aktuell\/","title":{"rendered":"Aktuell"},"content":{"rendered":"\n<p>Hier finden Sie die letzten Newsletter und Neuigkeiten rund um U100 Ittigen<\/p>\n\n\n\n<p><\/p>\n\n\n\n<figure class=\"wp-block-image size-full\"><img loading=\"lazy\" decoding=\"async\" width=\"160\" height=\"148\" src=\"https:\/\/u100-ittigen.ch\/wp-content\/uploads\/2024\/10\/Paartanz1-1.jpg\" alt=\"\" class=\"wp-image-5170\"\/><\/figure>\n\n\n\n<p>Unsere n\u00e4chsten fr\u00f6hlichen Tanznachmittage finden statt am: Dienstag, 13. Oktober und 10. November  2026, von 14.30 bis 16.25 Uhr. Unkostenbeitrag Fr. 10.&#8211; pro Person. Der Musiker Freddy Mierer spielt live gepflegte Tanzmusik und beliebte Evergreens. Wir freuen uns auf Ihr Kommen!<\/p>\n\n\n\n<p><strong>NAEHATELIER<\/strong> mit Frau Bettina Zuberb\u00fchler: n\u00e4chstes Datum: 5. Juni 2026. Frau Bettina Zuberb\u00fchler nimmt in der Pulferstube Ihre Kleidungsst\u00fccke f\u00fcr KLEINE AENDERUNGEN und Flickarbeiten entgegen. Ganz kleine Aenderungen werden vor Ort in der Pulferstube ausgef\u00fchrt (Knopf ann\u00e4hen, Arbeiten mit Gurtzange, etc.). Die Bezahlung erfolgt vor Ort (bar). Die Aenderungen werden zeitnah von Frau Zuberb\u00fchler ausgef\u00fchrt. Danach k\u00f6nnen die Kleidungsst\u00fccke w\u00e4hrend den Oeffnungszeiten der Pulferstube abgeholt werden. Wir freuen uns auf Sie. Vorstand U100 Generationen-Netzwerk Ittigen-Worblaufen und Frau Bettina Zuberb\u00fchler<\/p>\n\n\n\n<div class=\"wp-block-file\"><a id=\"wp-block-file--media-2cb8e62c-c694-44aa-b65d-d50d719ff323\" href=\"https:\/\/u100-ittigen.ch\/wp-content\/uploads\/2026\/03\/NewsletterApril_u_Mai2026.pdf\">NEWSLETTER April\/Mai 26<\/a><a href=\"https:\/\/u100-ittigen.ch\/wp-content\/uploads\/2026\/03\/NewsletterApril_u_Mai2026.pdf\" class=\"wp-block-file__button wp-element-button\" download aria-describedby=\"wp-block-file--media-2cb8e62c-c694-44aa-b65d-d50d719ff323\">Herunterladen<\/a><\/div>\n\n\n\n<div class=\"wp-block-file\"><a id=\"wp-block-file--media-b08f3781-3e48-4ccd-869d-055064bb131f\" href=\"https:\/\/u100-ittigen.ch\/wp-content\/uploads\/2026\/02\/NEWSLETTER-U100JMaerz2026-1.pdf\">NEWSLETTER M\u00e4rz 26<\/a><a href=\"https:\/\/u100-ittigen.ch\/wp-content\/uploads\/2026\/02\/NEWSLETTER-U100JMaerz2026-1.pdf\" class=\"wp-block-file__button wp-element-button\" download aria-describedby=\"wp-block-file--media-b08f3781-3e48-4ccd-869d-055064bb131f\">Herunterladen<\/a><\/div>\n\n\n\n<div class=\"wp-block-file\"><a id=\"wp-block-file--media-5a7f2cee-2933-42f1-a344-afb838182f57\" href=\"https:\/\/u100-ittigen.ch\/wp-content\/uploads\/2026\/01\/NEWSLETTER-U100Februar2026-1.pdf\">NEWSLETTER Februar 26<\/a><a href=\"https:\/\/u100-ittigen.ch\/wp-content\/uploads\/2026\/01\/NEWSLETTER-U100Februar2026-1.pdf\" class=\"wp-block-file__button wp-element-button\" download aria-describedby=\"wp-block-file--media-5a7f2cee-2933-42f1-a344-afb838182f57\">Herunterladen<\/a><\/div>\n\n\n\n<div class=\"wp-block-file\"><a id=\"wp-block-file--media-350e0fb1-e4ca-4591-822c-7bdd7cdfd679\" href=\"https:\/\/u100-ittigen.ch\/wp-content\/uploads\/2025\/12\/NEWSLETTER-U100Januar2026-1.pdf\">NEWSLETTER Januar 26<\/a><a href=\"https:\/\/u100-ittigen.ch\/wp-content\/uploads\/2025\/12\/NEWSLETTER-U100Januar2026-1.pdf\" class=\"wp-block-file__button wp-element-button\" download aria-describedby=\"wp-block-file--media-350e0fb1-e4ca-4591-822c-7bdd7cdfd679\">Herunterladen<\/a><\/div>\n\n\n\n<div class=\"wp-block-file\"><a id=\"wp-block-file--media-d6b380c4-e938-4f28-9a74-c5703904c792\" href=\"https:\/\/u100-ittigen.ch\/wp-content\/uploads\/2025\/11\/NEWSLETTER-U100Dez25.pdf\">NEWSLETTER Dezember 25<\/a><a href=\"https:\/\/u100-ittigen.ch\/wp-content\/uploads\/2025\/11\/NEWSLETTER-U100Dez25.pdf\" class=\"wp-block-file__button wp-element-button\" download aria-describedby=\"wp-block-file--media-d6b380c4-e938-4f28-9a74-c5703904c792\">Herunterladen<\/a><\/div>\n\n\n\n<div class=\"wp-block-file\"><a id=\"wp-block-file--media-4ea4829a-3e8c-45e1-a06b-5b8d658cc5db\" href=\"https:\/\/u100-ittigen.ch\/wp-content\/uploads\/2025\/10\/NEWSLETTER-U100November25-1.pdf\">NEWSLETTER  November 25<\/a><a href=\"https:\/\/u100-ittigen.ch\/wp-content\/uploads\/2025\/10\/NEWSLETTER-U100November25-1.pdf\" class=\"wp-block-file__button wp-element-button\" download aria-describedby=\"wp-block-file--media-4ea4829a-3e8c-45e1-a06b-5b8d658cc5db\">Herunterladen<\/a><\/div>\n\n\n\n<div class=\"wp-block-file\"><a id=\"wp-block-file--media-892d64f1-e4f3-473f-9df4-9f7d8ff0ce2a\" href=\"https:\/\/u100-ittigen.ch\/wp-content\/uploads\/2025\/09\/NewsletterOkt25-1.pdf\">NEWSLETTER Oktober 25<\/a><a href=\"https:\/\/u100-ittigen.ch\/wp-content\/uploads\/2025\/09\/NewsletterOkt25-1.pdf\" class=\"wp-block-file__button wp-element-button\" download aria-describedby=\"wp-block-file--media-892d64f1-e4f3-473f-9df4-9f7d8ff0ce2a\">Herunterladen<\/a><\/div>\n\n\n\n<div class=\"wp-block-file\"><a id=\"wp-block-file--media-362b5efd-457d-4e25-bbc8-9061513e63fa\" href=\"https:\/\/u100-ittigen.ch\/wp-content\/uploads\/2025\/08\/NewsletterSept25.pdf\">NEWSLETTER September 25<\/a><a href=\"https:\/\/u100-ittigen.ch\/wp-content\/uploads\/2025\/08\/NewsletterSept25.pdf\" class=\"wp-block-file__button wp-element-button\" download aria-describedby=\"wp-block-file--media-362b5efd-457d-4e25-bbc8-9061513e63fa\">Herunterladen<\/a><\/div>\n\n\n\n<div class=\"wp-block-file\"><a id=\"wp-block-file--media-847ee4ce-3196-4fe9-9c28-6e8976e64f7d\" href=\"https:\/\/u100-ittigen.ch\/wp-content\/uploads\/2025\/07\/NEWSLETTER-U100JAugust25-1.pdf\">NEWSLETTER August 25<\/a><a href=\"https:\/\/u100-ittigen.ch\/wp-content\/uploads\/2025\/07\/NEWSLETTER-U100JAugust25-1.pdf\" class=\"wp-block-file__button wp-element-button\" download aria-describedby=\"wp-block-file--media-847ee4ce-3196-4fe9-9c28-6e8976e64f7d\">Herunterladen<\/a><\/div>\n\n\n\n<div class=\"wp-block-file\"><a id=\"wp-block-file--media-1663632c-8b4b-4e3c-8cf4-1742bcab7fee\" href=\"https:\/\/u100-ittigen.ch\/wp-content\/uploads\/2025\/05\/NEWSLETTER-U100Juni2025-1.pdf\">NEWSLETTER Juni 25<\/a><a href=\"https:\/\/u100-ittigen.ch\/wp-content\/uploads\/2025\/05\/NEWSLETTER-U100Juni2025-1.pdf\" class=\"wp-block-file__button wp-element-button\" download aria-describedby=\"wp-block-file--media-1663632c-8b4b-4e3c-8cf4-1742bcab7fee\">Herunterladen<\/a><\/div>\n\n\n\n<div class=\"wp-block-file\"><a id=\"wp-block-file--media-c8d4b170-2c2d-4754-a87e-b758579e491d\" href=\"https:\/\/u100-ittigen.ch\/wp-content\/uploads\/2025\/04\/NEWSLETTER-U100Mai2025-1.pdf\">NEWSLETTER Mai 25<\/a><a href=\"https:\/\/u100-ittigen.ch\/wp-content\/uploads\/2025\/04\/NEWSLETTER-U100Mai2025-1.pdf\" class=\"wp-block-file__button wp-element-button\" download aria-describedby=\"wp-block-file--media-c8d4b170-2c2d-4754-a87e-b758579e491d\">Herunterladen<\/a><\/div>\n\n\n\n<div class=\"wp-block-file\"><a id=\"wp-block-file--media-cf6fc1ea-de2c-4419-ac1d-0fa0dcfad323\" href=\"https:\/\/u100-ittigen.ch\/wp-content\/uploads\/2025\/03\/NEWSLETTER-U100JApril2025-1.pdf\">NEWSLETTER April 25<\/a><a href=\"https:\/\/u100-ittigen.ch\/wp-content\/uploads\/2025\/03\/NEWSLETTER-U100JApril2025-1.pdf\" class=\"wp-block-file__button wp-element-button\" download aria-describedby=\"wp-block-file--media-cf6fc1ea-de2c-4419-ac1d-0fa0dcfad323\">Herunterladen<\/a><\/div>\n\n\n\n<div class=\"wp-block-file\"><a id=\"wp-block-file--media-9d16dc97-6ec0-4509-b26c-1672b9ac7b1a\" href=\"https:\/\/u100-ittigen.ch\/wp-content\/uploads\/2026\/02\/Jahresbericht2025-1.pdf\">Jahresbericht 2025<\/a><a href=\"https:\/\/u100-ittigen.ch\/wp-content\/uploads\/2026\/02\/Jahresbericht2025-1.pdf\" class=\"wp-block-file__button wp-element-button\" download aria-describedby=\"wp-block-file--media-9d16dc97-6ec0-4509-b26c-1672b9ac7b1a\">Herunterladen<\/a><\/div>\n\n\n\n<p><\/p>\n\n\n\n\n","protected":false},"excerpt":{"rendered":"<p>Hier finden Sie die letzten Newsletter und Neuigkeiten rund um U100 Ittigen Unsere n\u00e4chsten fr\u00f6hlichen Tanznachmittage finden statt am: Dienstag, 13. Oktober und 10. November 2026, von 14.30 bis 16.25&#8230;<\/p>\n","protected":false},"author":2,"featured_media":0,"parent":0,"menu_order":0,"comment_status":"closed","ping_status":"closed","template":"","meta":{"iawp_total_views":390,"footnotes":""},"class_list":["post-938","page","type-page","status-publish","hentry","entry"],"yoast_head":"<!-- This site is optimized with the Yoast SEO plugin v26.1.1 - https:\/\/yoast.com\/wordpress\/plugins\/seo\/ -->\n<title>Aktuell &#8211; U100<\/title>\n<meta name=\"robots\" content=\"index, follow, max-snippet:-1, max-image-preview:large, max-video-preview:-1\" \/>\n<link rel=\"canonical\" href=\"https:\/\/u100-ittigen.ch\/index.php\/aktuell\/\" \/>\n<meta property=\"og:locale\" content=\"de_DE\" \/>\n<meta property=\"og:type\" content=\"article\" \/>\n<meta property=\"og:title\" content=\"Aktuell &#8211; U100\" \/>\n<meta property=\"og:description\" content=\"Hier finden Sie die letzten Newsletter und Neuigkeiten rund um U100 Ittigen Unsere n\u00e4chsten fr\u00f6hlichen Tanznachmittage finden statt am: Dienstag, 13. Oktober und 10. November 2026, von 14.30 bis 16.25&#8230;\" \/>\n<meta property=\"og:url\" content=\"https:\/\/u100-ittigen.ch\/index.php\/aktuell\/\" \/>\n<meta property=\"og:site_name\" content=\"U100\" \/>\n<meta property=\"article:modified_time\" content=\"2026-03-28T09:41:18+00:00\" \/>\n<meta property=\"og:image\" content=\"https:\/\/u100-ittigen.ch\/wp-content\/uploads\/2024\/10\/Paartanz1-1.jpg\" \/>\n\t<meta property=\"og:image:width\" content=\"160\" \/>\n\t<meta property=\"og:image:height\" content=\"148\" \/>\n\t<meta property=\"og:image:type\" content=\"image\/jpeg\" \/>\n<meta name=\"twitter:card\" content=\"summary_large_image\" \/>\n<meta name=\"twitter:label1\" content=\"Gesch\u00e4tzte Lesezeit\" \/>\n\t<meta name=\"twitter:data1\" content=\"2\u00a0Minuten\" \/>\n<script type=\"application\/ld+json\" class=\"yoast-schema-graph\">{\"@context\":\"https:\/\/schema.org\",\"@graph\":[{\"@type\":\"WebPage\",\"@id\":\"https:\/\/u100-ittigen.ch\/index.php\/aktuell\/\",\"url\":\"https:\/\/u100-ittigen.ch\/index.php\/aktuell\/\",\"name\":\"Aktuell &#8211; U100\",\"isPartOf\":{\"@id\":\"https:\/\/u100-ittigen.ch\/#website\"},\"primaryImageOfPage\":{\"@id\":\"https:\/\/u100-ittigen.ch\/index.php\/aktuell\/#primaryimage\"},\"image\":{\"@id\":\"https:\/\/u100-ittigen.ch\/index.php\/aktuell\/#primaryimage\"},\"thumbnailUrl\":\"https:\/\/u100-ittigen.ch\/wp-content\/uploads\/2024\/10\/Paartanz1-1.jpg\",\"datePublished\":\"2021-03-24T09:28:01+00:00\",\"dateModified\":\"2026-03-28T09:41:18+00:00\",\"breadcrumb\":{\"@id\":\"https:\/\/u100-ittigen.ch\/index.php\/aktuell\/#breadcrumb\"},\"inLanguage\":\"de\",\"potentialAction\":[{\"@type\":\"ReadAction\",\"target\":[\"https:\/\/u100-ittigen.ch\/index.php\/aktuell\/\"]}]},{\"@type\":\"ImageObject\",\"inLanguage\":\"de\",\"@id\":\"https:\/\/u100-ittigen.ch\/index.php\/aktuell\/#primaryimage\",\"url\":\"https:\/\/u100-ittigen.ch\/wp-content\/uploads\/2024\/10\/Paartanz1-1.jpg\",\"contentUrl\":\"https:\/\/u100-ittigen.ch\/wp-content\/uploads\/2024\/10\/Paartanz1-1.jpg\",\"width\":160,\"height\":148},{\"@type\":\"BreadcrumbList\",\"@id\":\"https:\/\/u100-ittigen.ch\/index.php\/aktuell\/#breadcrumb\",\"itemListElement\":[{\"@type\":\"ListItem\",\"position\":1,\"name\":\"Startseite\",\"item\":\"https:\/\/u100-ittigen.ch\/\"},{\"@type\":\"ListItem\",\"position\":2,\"name\":\"Aktuell\"}]},{\"@type\":\"WebSite\",\"@id\":\"https:\/\/u100-ittigen.ch\/#website\",\"url\":\"https:\/\/u100-ittigen.ch\/\",\"name\":\"U100 Ittigen Generationennetzwerk\",\"description\":\"\",\"publisher\":{\"@id\":\"https:\/\/u100-ittigen.ch\/#organization\"},\"potentialAction\":[{\"@type\":\"SearchAction\",\"target\":{\"@type\":\"EntryPoint\",\"urlTemplate\":\"https:\/\/u100-ittigen.ch\/?s={search_term_string}\"},\"query-input\":{\"@type\":\"PropertyValueSpecification\",\"valueRequired\":true,\"valueName\":\"search_term_string\"}}],\"inLanguage\":\"de\"},{\"@type\":\"Organization\",\"@id\":\"https:\/\/u100-ittigen.ch\/#organization\",\"name\":\"U100 Ittigen Generationennetzwerk\",\"url\":\"https:\/\/u100-ittigen.ch\/\",\"logo\":{\"@type\":\"ImageObject\",\"inLanguage\":\"de\",\"@id\":\"https:\/\/u100-ittigen.ch\/#\/schema\/logo\/image\/\",\"url\":\"https:\/\/u100-ittigen.ch\/wp-content\/uploads\/2019\/10\/u100.jpg\",\"contentUrl\":\"https:\/\/u100-ittigen.ch\/wp-content\/uploads\/2019\/10\/u100.jpg\",\"width\":252,\"height\":50,\"caption\":\"U100 Ittigen Generationennetzwerk\"},\"image\":{\"@id\":\"https:\/\/u100-ittigen.ch\/#\/schema\/logo\/image\/\"}}]}<\/script>\n<!-- \/ Yoast SEO plugin. -->","yoast_head_json":{"title":"Aktuell &#8211; U100","robots":{"index":"index","follow":"follow","max-snippet":"max-snippet:-1","max-image-preview":"max-image-preview:large","max-video-preview":"max-video-preview:-1"},"canonical":"https:\/\/u100-ittigen.ch\/index.php\/aktuell\/","og_locale":"de_DE","og_type":"article","og_title":"Aktuell &#8211; U100","og_description":"Hier finden Sie die letzten Newsletter und Neuigkeiten rund um U100 Ittigen Unsere n\u00e4chsten fr\u00f6hlichen Tanznachmittage finden statt am: Dienstag, 13. Oktober und 10. November 2026, von 14.30 bis 16.25&#8230;","og_url":"https:\/\/u100-ittigen.ch\/index.php\/aktuell\/","og_site_name":"U100","article_modified_time":"2026-03-28T09:41:18+00:00","og_image":[{"width":160,"height":148,"url":"https:\/\/u100-ittigen.ch\/wp-content\/uploads\/2024\/10\/Paartanz1-1.jpg","type":"image\/jpeg"}],"twitter_card":"summary_large_image","twitter_misc":{"Gesch\u00e4tzte Lesezeit":"2\u00a0Minuten"},"schema":{"@context":"https:\/\/schema.org","@graph":[{"@type":"WebPage","@id":"https:\/\/u100-ittigen.ch\/index.php\/aktuell\/","url":"https:\/\/u100-ittigen.ch\/index.php\/aktuell\/","name":"Aktuell &#8211; U100","isPartOf":{"@id":"https:\/\/u100-ittigen.ch\/#website"},"primaryImageOfPage":{"@id":"https:\/\/u100-ittigen.ch\/index.php\/aktuell\/#primaryimage"},"image":{"@id":"https:\/\/u100-ittigen.ch\/index.php\/aktuell\/#primaryimage"},"thumbnailUrl":"https:\/\/u100-ittigen.ch\/wp-content\/uploads\/2024\/10\/Paartanz1-1.jpg","datePublished":"2021-03-24T09:28:01+00:00","dateModified":"2026-03-28T09:41:18+00:00","breadcrumb":{"@id":"https:\/\/u100-ittigen.ch\/index.php\/aktuell\/#breadcrumb"},"inLanguage":"de","potentialAction":[{"@type":"ReadAction","target":["https:\/\/u100-ittigen.ch\/index.php\/aktuell\/"]}]},{"@type":"ImageObject","inLanguage":"de","@id":"https:\/\/u100-ittigen.ch\/index.php\/aktuell\/#primaryimage","url":"https:\/\/u100-ittigen.ch\/wp-content\/uploads\/2024\/10\/Paartanz1-1.jpg","contentUrl":"https:\/\/u100-ittigen.ch\/wp-content\/uploads\/2024\/10\/Paartanz1-1.jpg","width":160,"height":148},{"@type":"BreadcrumbList","@id":"https:\/\/u100-ittigen.ch\/index.php\/aktuell\/#breadcrumb","itemListElement":[{"@type":"ListItem","position":1,"name":"Startseite","item":"https:\/\/u100-ittigen.ch\/"},{"@type":"ListItem","position":2,"name":"Aktuell"}]},{"@type":"WebSite","@id":"https:\/\/u100-ittigen.ch\/#website","url":"https:\/\/u100-ittigen.ch\/","name":"U100 Ittigen Generationennetzwerk","description":"","publisher":{"@id":"https:\/\/u100-ittigen.ch\/#organization"},"potentialAction":[{"@type":"SearchAction","target":{"@type":"EntryPoint","urlTemplate":"https:\/\/u100-ittigen.ch\/?s={search_term_string}"},"query-input":{"@type":"PropertyValueSpecification","valueRequired":true,"valueName":"search_term_string"}}],"inLanguage":"de"},{"@type":"Organization","@id":"https:\/\/u100-ittigen.ch\/#organization","name":"U100 Ittigen Generationennetzwerk","url":"https:\/\/u100-ittigen.ch\/","logo":{"@type":"ImageObject","inLanguage":"de","@id":"https:\/\/u100-ittigen.ch\/#\/schema\/logo\/image\/","url":"https:\/\/u100-ittigen.ch\/wp-content\/uploads\/2019\/10\/u100.jpg","contentUrl":"https:\/\/u100-ittigen.ch\/wp-content\/uploads\/2019\/10\/u100.jpg","width":252,"height":50,"caption":"U100 Ittigen Generationennetzwerk"},"image":{"@id":"https:\/\/u100-ittigen.ch\/#\/schema\/logo\/image\/"}}]}},"_links":{"self":[{"href":"https:\/\/u100-ittigen.ch\/index.php\/wp-json\/wp\/v2\/pages\/938","targetHints":{"allow":["GET"]}}],"collection":[{"href":"https:\/\/u100-ittigen.ch\/index.php\/wp-json\/wp\/v2\/pages"}],"about":[{"href":"https:\/\/u100-ittigen.ch\/index.php\/wp-json\/wp\/v2\/types\/page"}],"author":[{"embeddable":true,"href":"https:\/\/u100-ittigen.ch\/index.php\/wp-json\/wp\/v2\/users\/2"}],"replies":[{"embeddable":true,"href":"https:\/\/u100-ittigen.ch\/index.php\/wp-json\/wp\/v2\/comments?post=938"}],"version-history":[{"count":155,"href":"https:\/\/u100-ittigen.ch\/index.php\/wp-json\/wp\/v2\/pages\/938\/revisions"}],"predecessor-version":[{"id":7271,"href":"https:\/\/u100-ittigen.ch\/index.php\/wp-json\/wp\/v2\/pages\/938\/revisions\/7271"}],"wp:attachment":[{"href":"https:\/\/u100-ittigen.ch\/index.php\/wp-json\/wp\/v2\/media?parent=938"}],"curies":[{"name":"wp","href":"https:\/\/api.w.org\/{rel}","templated":true}]}}